{"id":72,"date":"2019-06-07T16:04:36","date_gmt":"2019-06-07T14:04:36","guid":{"rendered":"http:\/\/localhost\/wordpress\/?post_type=product&#038;p=72"},"modified":"2025-07-03T05:44:29","modified_gmt":"2025-07-03T05:44:29","slug":"lecker-backen","status":"publish","type":"product","link":"https:\/\/insel-buch.de\/?product=lecker-backen","title":{"rendered":"Lecker Backen"},"content":{"rendered":"<p><strong>F\u00fcr gelegentliche Backfreunde\u00a0<\/strong><br \/>\nVon einer Inselbewohnerin zu Inselliebhaberrinnen und Liebhabern.<br \/>\nDie besten Start Rezepte die jede\u00a0Geschmacksrichtungen treffen Kinder, Jugendliche, Frauen und M\u00e4nner jeden Alters, vegan und glutenfrei.<\/p>\n<p><strong>Nachhaltig<\/strong><br \/>\nDie Zutaten k\u00f6nnen f\u00fcr mehrere Rezepte verwendet werden, sodass die Vorratsschublade in der K\u00fcche nicht mit Lebensmitteln \u00fcberf\u00fcllt ist. Ausgew\u00e4hlte Grammzahlen verhindern \u00fcbrig gebliebene Zutaten.<\/p>\n<p><strong>Handlich<\/strong><br \/>\nDies ist mein zweites Backbuch in Softcover mit dem Ma\u00df von A5. Die hei\u00df begehrten Rezepte wie K\u00e4sekuchen, Apfelkuchen, Juister Sandale, Rumkugel usw.<\/p>\n<p><strong>Auf einen Blick<\/strong><br \/>\nAuf 58 Seiten befinden sich unter dem Rezept-Namen die Infos der Zubereitungsdauer, genaue Zutatenliste und Schritt f\u00fcr Schritt Erkl\u00e4rung Platz.<\/p>\n<p><strong>Kreativ &amp; Liebevoll<br \/>\n<\/strong>Strukturierte Rezepte treffen auf klare Aussagen der Zubereitung und liebevollen Fotos.<\/p>\n<p><strong>\u00dcbersichtlich<br \/>\n<\/strong>Durch die klare Struktur und einfache Orientierung dank Inhaltsverzeichnis f\u00fcr Klassiker, Obstkuchen, schokoladiges, Torten, ausgefallenes, Geb\u00e4ck, vegan und glutenfrei finden Sie Ihr Rezept wieder. Die Schriftgr\u00f6\u00dfe ist gro\u00df ausgew\u00e4hlt, damit auf dem Format A5 trotzdem alles gut ersichtlich ist.<\/p>\n<p><strong>Hochwertig<\/strong><br \/>\nDas Rezeptbuch ist auf Hochwertigem Papier gedruckt, so dass Sie lange Freude daran haben und die Qualit\u00e4t beim Bl\u00e4ttern sp\u00fcren.<\/p>\n<p><strong>Inspirierend<\/strong><br \/>\nZutaten wie Aperol, Ingwer, Sanddorn und Mohn geben den S\u00fc\u00dfen Verf\u00fchrungen das gewisse etwas und ein neues Geschmackserlebnis.<\/p>\n","protected":false},"excerpt":{"rendered":"<p>Einen Einblick ins Buch finden Sie <a href=\"https:\/\/insel-buch.de\/wp-content\/uploads\/LeckerBacken.pdf\" target=\"_blank\" rel=\"noopener noreferrer\">hier<\/a><\/p>\n","protected":false},"featured_media":230,"template":"","meta":[],"product_brand":[],"product_cat":[42],"product_tag":[38,41],"class_list":{"0":"post-72","1":"product","2":"type-product","3":"status-publish","4":"has-post-thumbnail","6":"product_cat-juister-backbuch","7":"product_tag-backbuch","8":"product_tag-juist","9":"product_shipping_class-standard","11":"first","12":"instock","13":"sale","14":"purchasable","15":"product-type-simple"},"jetpack_sharing_enabled":true,"_links":{"self":[{"href":"https:\/\/insel-buch.de\/index.php?rest_route=\/wp\/v2\/product\/72","targetHints":{"allow":["GET"]}}],"collection":[{"href":"https:\/\/insel-buch.de\/index.php?rest_route=\/wp\/v2\/product"}],"about":[{"href":"https:\/\/insel-buch.de\/index.php?rest_route=\/wp\/v2\/types\/product"}],"wp:featuredmedia":[{"embeddable":true,"href":"https:\/\/insel-buch.de\/index.php?rest_route=\/wp\/v2\/media\/230"}],"wp:attachment":[{"href":"https:\/\/insel-buch.de\/index.php?rest_route=%2Fwp%2Fv2%2Fmedia&parent=72"}],"wp:term":[{"taxonomy":"product_brand","embeddable":true,"href":"https:\/\/insel-buch.de\/index.php?rest_route=%2Fwp%2Fv2%2Fproduct_brand&post=72"},{"taxonomy":"product_cat","embeddable":true,"href":"https:\/\/insel-buch.de\/index.php?rest_route=%2Fwp%2Fv2%2Fproduct_cat&post=72"},{"taxonomy":"product_tag","embeddable":true,"href":"https:\/\/insel-buch.de\/index.php?rest_route=%2Fwp%2Fv2%2Fproduct_tag&post=72"}],"curies":[{"name":"wp","href":"https:\/\/api.w.org\/{rel}","templated":true}]}}