{"id":43,"date":"2019-06-20T09:58:07","date_gmt":"2019-06-20T07:58:07","guid":{"rendered":"http:\/\/localhost\/wordpress\/?page_id=43"},"modified":"2025-06-22T06:11:57","modified_gmt":"2025-06-22T06:11:57","slug":"impressum-2","status":"publish","type":"page","link":"https:\/\/insel-buch.de\/?page_id=43","title":{"rendered":"Impressum"},"content":{"rendered":"\n<p>Insel-Buch<strong><\/strong><\/p>\n\n\n\n<p>Frauke Rose<\/p>\n\n\n\n<p>Siedlung 20<\/p>\n\n\n\n<p>26571 Juist<br><\/p>\n\n\n\n<p>Deutschland<\/p>\n\n\n\n<p>E-Mail: info@insel-buch.de<\/p>\n\n\n\n<p><strong><em>1 Haftungsbeschr\u00e4nkung<\/em><\/strong><\/p>\n\n\n\n<p><strong><em>Inhalte\ndieser Website<\/em><\/strong><\/p>\n\n\n\n<p><em>Die\nInhalte dieser Website werden mit gr\u00f6\u00dftm\u00f6glicher Sorgfalt erstellt. Der Anbieter\n\u00fcbernimmt jedoch keine Gew\u00e4hr f\u00fcr die Richtigkeit, Vollst\u00e4ndigkeit und\nAktualit\u00e4t der bereitgestellten Inhalte. Die Nutzung der abrufbaren Inhalte\nerfolgt auf eigene Gefahr des Nutzers. Namentlich gekennzeichnete Beitr\u00e4ge\ngeben die Meinung des jeweiligen Autors und nicht immer die Meinung des\nAnbieters wieder.<\/em><\/p>\n\n\n\n<p><strong><em>Verf\u00fcgbarkeit\nder Website<\/em><\/strong><\/p>\n\n\n\n<p><em>Der\nAnbieter wird sich bem\u00fchen, den Dienst m\u00f6glichst unterbrechungsfrei zum Abruf\nanzubieten. Auch bei aller Sorgfalt k\u00f6nnen aber Ausfallzeiten nicht\nausgeschlossen werden. Der Anbieter beh\u00e4lt sich das Recht vor, sein Angebot\njederzeit zu \u00e4ndern oder einzustellen.<\/em><\/p>\n\n\n\n<p><strong><em>2. Externe\nLinks<\/em><\/strong><\/p>\n\n\n\n<p><em>Diese\nWebsite enth\u00e4lt Verkn\u00fcpfungen zu Websites Dritter (&#8222;externe Links&#8220;).\nDiese Websites unterliegen der Haftung der jeweiligen Betreiber. Der Anbieter\nhat bei der erstmaligen Verkn\u00fcpfung der externen Links die fremden Inhalte\ndaraufhin \u00fcberpr\u00fcft, ob etwaige Rechtsverst\u00f6\u00dfe bestehen. Zu dem Zeitpunkt waren\nkeine Rechtsverst\u00f6\u00dfe ersichtlich. Der Anbieter hat keinerlei Einfluss auf die\naktuelle und zuk\u00fcnftige Gestaltung und auf die Inhalte der verkn\u00fcpften Seiten.\nDas Setzen von externen Links bedeutet nicht, dass sich der Anbieter die hinter\ndem Verweis oder Link liegenden Inhalte zu Eigen macht. Eine st\u00e4ndige Kontrolle\ndieser externen Links ist f\u00fcr den Anbieter ohne konkrete Hinweise auf\nRechtsverst\u00f6\u00dfe nicht zumutbar. Bei Kenntnis von Rechtsverst\u00f6\u00dfen werden jedoch\nderartige externe Links unverz\u00fcglich gel\u00f6scht.<\/em><\/p>\n\n\n\n<p><strong><em>3. Urheberrecht<\/em><\/strong><\/p>\n\n\n\n<p>Die durch die Seitenbetreiber erstellten\nInhalte und Werke auf diesen Seiten unterliegen dem deutschen Urheberrecht. Die\nVervielf\u00e4ltigung, Bearbeitung, Verbreitung und jede Art der Verwertung\nau\u00dferhalb der Grenzen des Urheberrechtes bed\u00fcrfen der schriftlichen Zustimmung\ndes jeweiligen Autors bzw. Erstellers. Downloads und Kopien dieser Seite sind\nnur f\u00fcr den privaten, nicht kommerziellen Gebrauch gestattet.<\/p>\n\n\n\n<p>Soweit die Inhalte auf dieser Seite nicht vom\nBetreiber erstellt wurden, werden die Urheberrechte Dritter beachtet.\nInsbesondere werden Inhalte Dritter als solche gekennzeichnet. Sollten Sie\ntrotzdem auf eine Urheberrechtsverletzung aufmerksam werden, bitten wir um\neinen entsprechenden Hinweis. Bei Bekanntwerden von Rechtsverletzungen werden\nwir derartige Inhalte umgehend entfernen.<strong><em> <\/em><\/strong><\/p>\n\n\n\n<p><strong><em>4. Datenschutz<\/em><\/strong><\/p>\n\n\n\n<p><em>Durch den Besuch der Website des Anbieters k\u00f6nnen Informationen \u00fcber den Zugriff (Datum, Uhrzeit, betrachtete Seite) auf dem Server gespeichert werden. Diese Daten geh\u00f6ren nicht zu den personenbezogenen Daten, sondern sind anonymisiert. Sie werden ausschlie\u00dflich zu statistischen Zwecken ausgewertet. Des Weiteren k\u00f6nnen Daten auf dem Computer der Websitenutzer gespeichert werden. Diese Daten nennt man &#8222;Cookie&#8220;, die dazu dienen, das Zugriffsverhalten der Nutzer zu vereinfachen. Der Nutzer hat jedoch die M\u00f6glichkeit, diese Funktion innerhalb des jeweiligen Webbrowsers zu deaktivieren. In diesem Fall kann es jedoch zu Einschr\u00e4nkungen der Bedienbarkeit unserer Website kommen. Die Verwendung der Kontaktdaten der Anbieterkennzeichnung &#8211; insbesondere der Telefon-\/Faxnummern und E-Mailadresse &#8211; zur gewerblichen Werbung ist ausdr\u00fccklich nicht erw\u00fcnscht, es sei denn der Anbieter hatte zuvor seine schriftliche Einwilligung erteilt oder es besteht bereits ein gesch\u00e4ftlicher Kontakt. Der Anbieter und alle auf dieser Website genannten Personen widersprechen hiermit jeder kommerziellen Verwendung und Weitergabe ihrer Daten.<\/em><\/p>\n\n\n\n<p><strong>5. Streitschlichtung<\/strong><\/p>\n\n\n\n<p>Online-Streitbeilegung gem\u00e4\u00df Art. 14 Abs. 1 ODR-VO: Die Europ\u00e4ische Kommission stellt eine Plattform zur Online-Streitbeilegung (OS) bereit, die Sie unter&nbsp;<a rel=\"noreferrer noopener\" href=\"http:\/\/ec.europa.eu\/consumers\/odr\/\" target=\"_blank\">http:\/\/ec.europa.eu\/consumers\/odr\/<\/a> finden.<\/p>\n\n\n\n<p><\/p>\n","protected":false},"excerpt":{"rendered":"<p>Insel-Buch Frauke Rose Siedlung 20 26571 Juist Deutschland E-Mail: info@insel-buch.de 1 Haftungsbeschr\u00e4nkung Inhalte dieser Website Die Inhalte dieser Website werden mit gr\u00f6\u00dftm\u00f6glicher Sorgfalt erstellt. Der Anbieter \u00fcbernimmt jedoch keine Gew\u00e4hr f\u00fcr die Richtigkeit, Vollst\u00e4ndigkeit und Aktualit\u00e4t der bereitgestellten Inhalte. Die Nutzung der abrufbaren Inhalte erfolgt auf eigene Gefahr des Nutzers. [&hellip;]<\/p>\n","protected":false},"author":2,"featured_media":0,"parent":0,"menu_order":0,"comment_status":"closed","ping_status":"closed","template":"","meta":{"footnotes":""},"class_list":["post-43","page","type-page","status-publish","hentry"],"jetpack_sharing_enabled":true,"_links":{"self":[{"href":"https:\/\/insel-buch.de\/index.php?rest_route=\/wp\/v2\/pages\/43","targetHints":{"allow":["GET"]}}],"collection":[{"href":"https:\/\/insel-buch.de\/index.php?rest_route=\/wp\/v2\/pages"}],"about":[{"href":"https:\/\/insel-buch.de\/index.php?rest_route=\/wp\/v2\/types\/page"}],"author":[{"embeddable":true,"href":"https:\/\/insel-buch.de\/index.php?rest_route=\/wp\/v2\/users\/2"}],"replies":[{"embeddable":true,"href":"https:\/\/insel-buch.de\/index.php?rest_route=%2Fwp%2Fv2%2Fcomments&post=43"}],"version-history":[{"count":7,"href":"https:\/\/insel-buch.de\/index.php?rest_route=\/wp\/v2\/pages\/43\/revisions"}],"predecessor-version":[{"id":1110,"href":"https:\/\/insel-buch.de\/index.php?rest_route=\/wp\/v2\/pages\/43\/revisions\/1110"}],"wp:attachment":[{"href":"https:\/\/insel-buch.de\/index.php?rest_route=%2Fwp%2Fv2%2Fmedia&parent=43"}],"curies":[{"name":"wp","href":"https:\/\/api.w.org\/{rel}","templated":true}]}}